k**2 - 19*k**2 + 32 + 16*k**2. Determine d(3).
-10
Let a(q) = -2*q**2 - 10*q - 4. Let c = 3128 + -3131. Determine a(c).
8
Let y(i) = 4*i + 19*i**2 + 6*i - 5*i + 0*i - 18*i**2 - 2. Calculate y(3).
22
Suppose 0 = -n - 67 - 3. Let x = 69 + n. Let m(i) = -36*i. Give m(x).
36
Let a(x) be the second derivative of -1/6*x**3 + 0 + 5*x**2 - 6*x. Determine a(9).
1
Let v = 68 - 68. Suppose v = -4*l - 5*a - 13, 0 = 4*l + 3*a + a + 8. Let n(i) = -4*i**2 - 2 + 25*i + 0 - 30*i + i**l. Determine n(4).
-22
Let g(f) = f + 11. Let a(l) = 12*l + 3. Let x be a(-8). Suppose 23*i + 1410 = -729. Let d = i - x. Give g(d).
11
Let i(g) be the third derivative of 0*g + 0 + 1/12*g**4 + 67*g**2 + g**3. Determine i(-8).
-10
Suppose t - 2*n - 16 = -n, -t - 4 = 4*n. Suppose 60 - t = 4*s. Let g be (7/(-14))/(3/s). Let h(j) = 5*j - 1. Give h(g).
-11
Let s = -22 - -33. Suppose -y + 2*r = 5, -8*y = -7*y - 4*r + 13. Let l(t) = -11*t - 1 + 7*t**3 + 3*t**3 + 0*t**y - 9*t**3 - 10*t**2. Calculate l(s).
-1
Let n = -18298 + 18298. Let q(b) be the third derivative of n + 0*b - 23*b**2 + 1/3*b**3 + 1/8*b**4 - 1/60*b**5. Give q(4).
-2
Let u(b) = 8*b - 13 - 54*b**2 - 2*b + 49*b**2 + 13*b. Let s(f) = -f**2 + 5*f - 3. Let x(k) = 9*s(k) - 2*u(k). Suppose r = -3 - 4. Calculate x(r).
-1
Let o(i) = -i**3 + 2*i**2 + 4*i - 9. Let u be o(3). Let r(w) be the second derivative of -2*w**3/3 - 23*w**2/2 - 3*w - 168. Give r(u).
1
Let v(s) = s**2 - 54. Let n be v(-7). Let b(t) = -5*t**2 - 7*t + 2. Determine b(n).
-88
Let h(a) = 3*a - 5. Let x(c) = -23*c**2 - 10*c + 36 - 21 - 35 + 2*c**3. Let f be x(12). What is h(f)?
7
Let a(o) = 71*o + 4. Let d(m) = 117*m + 7. Let c(b) = -7*a(b) + 4*d(b). Suppose 0 = -w + 2*g - 3, -w = -4*w - 3*g. Calculate c(w).
29
Let p(s) = s**3 - 17*s + 4 - 3*s**2 - 11*s**2 + 13. Suppose 398*g = 337*g + 246 + 669. Calculate p(g).
-13
Let x = -66 + 227. Let v = x - 161. Let z(y) = y**3 + y**2 - 7. Calculate z(v).
-7
Let y(n) = -97384 + 97377 - 3*n + 7*n + 4*n + 3*n. Calculate y(3).
26
Let u(t) be the second derivative of t**6/120 + 7*t**5/60 + 5*t**4/24 + 7*t**3/6 - 63*t**2/2 - 7*t + 7. Let a(o) be the first derivative of u(o). What is a(-6)?
13
Let o(t) = t**3 - 19*t**2 + 15*t + 60. Let w = -8840 - -8858. What is o(w)?
6
Let k(f) be the third derivative of 0*f - 1/60*f**5 - 53*f**2 + 4/3*f**3 - 1/4*f**4 + 0. What is k(-6)?
8
Let i(s) be the first derivative of s**3/3 + 9*s**2/2 - 163*s - 6186. Calculate i(-18).
-1
Let q be (-1)/(-1 - (-14)/16). Let v(w) = 13*w**2 - 45*w - 27. Let x(r) = -3*r**2 + 11*r + 6. Let p(i) = 2*v(i) + 9*x(i). What is p(q)?
8
Let f(k) = -50*k + 3545. Let m be f(71). Let l(q) = q**3 + 9*q**2 + 6*q - 1. What is l(m)?
69
Let v(f) be the third derivative of f**8/10080 - f**6/720 + 37*f**5/15 + 4*f**2 + 2. Let i(c) be the third derivative of v(c). What is i(1)?
1
Let r(h) = -h**3 - 3*h**2 - 3*h + 2. Let d = 1797 - 1799. Determine r(d).
4
Let o be (-129)/86*(8/6)/((-3)/9). Let z(t) = -t**3 + 4*t**2 + 15*t - 18. Calculate z(o).
0
Let p(n) = 4*n + 28. Let d(l) = 155*l - 7585. Let v be d(49). What is p(v)?
68
Let z = -8121 + 8127. Let c(b) = -6*b + 43. Determine c(z).
7
Let i be 2/(2/13)*-1. Let m = i - -8. Let g(s) be the third derivative of s**6/120 + s**5/10 + s**4/6 - s**3/6 + 114*s**2. Give g(m).
4
Let q(r) be the first derivative of 37 + 0*r**2 + 1/3*r**3 - 3*r. Let i(k) = k + 7. Let s be i(-7). What is q(s)?
-3
Let b(f) be the second derivative of -7*f**3/6 + 21*f**2/2 + 5963*f. Give b(4).
-7
Let u(z) be the third derivative of 1/4*z**4 + 0*z + 0 - 27*z**2 - z**3. What is u(4)?
18
Let y(h) = -14*h + 0*h**2 + 1919 - 5787 - h**3 - 11*h**2 + 1929 + 1928. Suppose -v = -6*v - 15, 2*v - 34 = 4*r. Determine y(r).
29
Let y(b) = -9*b**2 - 4*b + 6. Let m(o) = 7*o**2 + 2*o - 6. Let t(s) = -4*s**2 + 35*s + 5. Let u be t(9). Let d(i) = u*m(i) - 3*y(i). Calculate d(6).
-6
Let a(y) = y**3 + y**2 - 20*y - 42. Let g = 6 - 10. Give a(g).
-10
Let d(c) = 6*c**3 + 19*c**2 + 64*c - 19. Let b(z) = 7*z**3 + 18*z**2 + 73*z - 17. Let s(i) = 5*b(i) - 6*d(i). Give s(-23).
-63
Suppose 613 = -9*q + 703. Let i(k) = k**2 - 11*k + 1. Determine i(q).
-9
Suppose -5*r = 4*d - 9*r - 788, -5*d = 4*r - 1012. Let x(q) = 201*q**2 - 1 + 2*q + 6 - d*q**2 - 4*q + 9*q. Let k = 3 + -10. Determine x(k).
5
Let d be ((-3)/(-7))/((-39)/(-273)). Let w(x) = -16*x**2 + 19*x**2 + 7 + 14*x**3 - 13*x**d. Determine w(-4).
-9
Suppose -2*k = -2337 + 199. Let o(t) = k*t - 537*t + 9 - 534*t. What is o(10)?
-11
Let j(r) be the second derivative of r**5/20 + r**4/12 - r**3/3 + r**2 + 9*r. Let h(z) = -z**3 - 20*z**2 - 2*z - 40. Let l be h(-20). Give j(l).
2
Let m(s) = -15*s - 17. Let l(j) = -8*j - 9. Let n(v) = -11*l(v) + 6*m(v). Suppose r = -r. Suppose r*f - 4*a - 22 = -2*f, -4*a - 28 = -4*f. Calculate n(f).
-9
Let m(q) = 4*q - 91. Let i(c) = -11*c + 241. Let a(x) = -3*i(x) - 8*m(x). Let y(f) = -7*f - 1. Let g be y(-1). Give a(g).
11
Let y be 1 + -2 + 0/(-1). Let d be -1*y/(2/(-6)). Let s(x) = -55 - 98*x + 96*x - 1 + 52. Give s(d).
2
Suppose 96*u = 25*u + 142. Let h(o) = 11*o - 2. Give h(u).
20
Let h(d) be the second derivative of 11*d**3/6 - 7*d**2/2 - 15*d. Let v be h(1). Let r(x) = v*x**2 + 0*x - x + x**3 - 5*x**2 + 2*x**2. Calculate r(0).
0
Suppose -3*h - x = -18, -x = -4*h - 0*h + 31. Let b(l) be the first derivative of l**3/3 - 4*l**2 - 2*l + 2035. Give b(h).
-9
Let o(d) be the third derivative of -d**5/30 + 5*d**4/12 + 4*d**3/3 - 1471*d**2. What is o(5)?
8
Let h(n) = n**2 + 138*n + 62. Let t(b) = b**2 + 82*b + 31. Let s(r) = 3*h(r) - 5*t(r). Calculate s(-3).
1
Let p(x) be the third derivative of -x**5/60 + 3*x**4/8 + 41*x**3/6 + 1057*x**2. Give p(13).
-11
Let h(z) = -2 - 150 + z + 119. Calculate h(21).
-12
Let d(h) = -5*h**2 - 3. Suppose 39*i + 109 = -47. Give d(i).
-83
Let m(r) = 2*r**2 - 18*r - 16. Let p be (-40)/3*(-18)/24. Determine m(p).
4
Suppose -3*m = 4*g - m, 3*g - 4*m + 11 = 0. Let a(v) = v - 4. Let h(n) = 4 + 2 - 18 + 11. Let w(u) = g*a(u) + 5*h(u). Calculate w(6).
-7
Let i(r) = -5*r + 106 - 330 + 106 + 113. Calculate i(-16).
75
Let i(z) = -3 + 1 + 3 + z**2. Let q(o) = o**2 - 10*o - 24. Let l be q(8). Let h be (-6*4/(-32))/((-15)/l). What is i(h)?
5
Let q(t) = -7*t + 546. Let i(f) = -39. Let z(l) = -9*i(l) - q(l). Give z(26).
-13
Let u(g) = -37*g**2 + 44*g + 7. Let v(n) = -13*n**2 + 16*n + 2. Let x(o) = -6*u(o) + 17*v(o). What is x(-5)?
-23
Suppose 263 - 115 = 9*a + 28*a. Let w(r) = r**3 - 3*r**2 - 3*r + 11. Calculate w(a).
15
Let l be (20/(-9))/((-8)/36). Let q(b) = 0*b**3 - l*b**2 - 10 + b**3 - 6*b - 2*b**3 + 5*b**2. What is q(-4)?
-2
Suppose 41*k = 20*k + 231. Let w(x) = x**3 - 11*x**2 - 16*x + 172. Calculate w(k).
-4
Let x(c) = -7*c**3 + c - 1. Let a(r) = -83*r**3 + r**2 + 16*r - 7. Let f(i) = -a(i) + 12*x(i). Determine f(-1).
-1
Let q = -170 - -206. Suppose -5*u + q = -11*u. Let z(c) = -4*c + 5. Give z(u).
29
Suppose 3*p = 38*r - 35*r - 9, -4*p - 2*r = -36. Let o(k) be the second derivative of -k**5/20 + k**4/3 + k**3/3 - k**2 - k. Calculate o(p).
-17
Let d(l) = 2 - 7*l - 3 + 2. Let y(x) = -x**2 - 1438*x - 4304. Let u be y(-3). Determine d(u).
-6
Let l(w) be the second derivative of -1/60*w**5 + 7*w**2 + 0 + 11/24*w**4 + 8*w - 2*w**3. Let u(f) be the first derivative of l(f). What is u(9)?
6
Suppose 3*a - 24 = 3. Let f = a - 7. Let j(d) = 5*d**2 + 2*d - 3 - f + 2*d - 4*d**2. Determine j(-5).
0
Let w(b) be the first derivative of -1/3*b**3 + 0*b**4 + 1/60*b**5 + b**2 + 0*b + 22. Let o(z) be the second derivative of w(z). Calculate o(0).
-2
Let z(v) be the first derivative of 2*v**2 - 10*v - 2476. What is z(10)?
30
Let b(a) = -22*a**2 + 1. Let i = 34 - 14. Let t(s) = -s**2 - 10*s - 1. Let f be t(-5). Suppose 4*p + i = f. Calculate b(p).
-21
Let r = 38 - 35. Let c(d) = -d**2 + 3 + 5*d - 18*d**r + 19*d**3 + 5*d**2. Let q be 4 + 3*14/(-6). Give c(q).
-3
Let b(x) = -3*x**3 + 5*x - 2. Suppose 4*l + 120*t - 37 = 125*t, 4*t + 26 = 2*l. Give b(l).
-68
Suppose -2*y - 4*m = -162 + 110, -5*y = -5*m - 40. Let j(h) = -h**2 + 18*h - 31. Calculate j(y).
25
Let i(l) = -2*l**2 + 4*l. Let q(t) = -2*t**3 + 17*t**2 - 8*t + 4. Let s be (-12)/(-66) - 1118/(-143). Let f be q(s). Give i(f).
-16
Suppose 5*g - 20 = 0, -121*d + 123*d - 6 = -3*g. Let f(y) = y**3 + 4*y**2 + 6*y + 15. Give f(d).
6
Let t(w) be the third derivati